0*g - 3. Calculate f(7).
-24
Let p(b) = -2*b + 5. Calculate p(3).
-1
Let l(f) = f**2 + 2*f - 12. Determine l(-6).
12
Let u(k) = 2*k + 16. Calculate u(-7).
2
Let n(b) = b**3 - b**2 - b + 3. Determine n(0).
3
Let k(w) = -2*w**2 + 8*w + 6. Give k(-3).
-36
Let l(t) = 2*t**2 - 12*t - 3. Determine l(6).
-3
Let i(l) = 38*l + 183. What is i(-5)?
-7
Let a(y) = -y**3 + 2*y**2 - 7*y + 16. What is a(2)?
2
Let y(r) = r**3 + r**2 - 3*r + 2. Determine y(2).
8
Let z(q) = q**3 - 10*q**2 + 9*q + 13. Give z(9).
13
Let a(z) = -z - 7. Give a(13).
-20
Let z(y) = -y**3 + 2*y**2 - y + 1. Calculate z(3).
-11
Let h(l) = 8*l + 118. Give h(-15).
-2
Let i(q) = -9*q + 137. Determine i(17).
-16
Let w(v) = 4*v + 55. Calculate w(-13).
3
Let p(w) = 5*w + 22. What is p(-5)?
-3
Let g(v) = -v**3 - 12*v**2 + 7. Give g(-12).
7
Let o(a) = -5*a + 8. What is o(-4)?
28
Let t(u) = -3*u**2 - 5*u + 4. Determine t(1).
-4
Let r(o) = o**3 - 10*o**2 - 4*o + 25. Give r(10).
-15
Let j(k) = k**2 + 7*k + 12. Calculate j(-4).
0
Let f(h) = -h**2 + 8*h - 2. What is f(9)?
-11
Let f(r) = r**2 + 6*r + 8. Give f(-7).
15
Let s(w) = -w**2 - 3*w + 19. Determine s(-8).
-21
Let a(b) = -11*b**3 - b**2 + b + 1. Determine a(-1).
10
Let m(a) = a**3 - 3*a**2 - 6*a + 7. Give m(5).
27
Let q(c) = 3*c + 5. Give q(-2).
-1
Let t(l) = -2*l**2 - 17*l + 19. What is t(-10)?
-11
Let t(y) = y**2 + 9*y - 32. What is t(4)?
20
Let w(m) = m**3 - m**2 - 16*m - 6. Calculate w(-6).
-162
Let l(i) = -i**2 + 17*i - 10. Give l(14).
32
Let n(h) = -h**3 - 11*h**2 + 15*h + 21. What is n(-12)?
-15
Let a(k) = 33*k + 17. Determine a(1).
50
Let z(i) = -i**2 - 15*i + 24. What is z(-18)?
-30
Let x(p) = 5*p. What is x(3)?
15
Let b(d) = -d - 22. Give b(-12).
-10
Let i(d) = d - 1. What is i(-2)?
-3
Let d(m) = -5*m**2 + 2*m - 3. Determine d(-2).
-27
Let i(q) = -q - 29. Calculate i(-12).
-17
Let s(r) = r - 16. What is s(0)?
-16
Let c(z) = z - 12. What is c(0)?
-12
Let y(i) = 12*i**2 + 2*i - 5. Determine y(2).
47
Let a(q) = 13*q + 194. Determine a(-16).
-14
Let u(g) = 3*g**2 + 4*g - 5. Give u(-6).
79
Let v(y) = 2*y**2 - 4*y - 63. Give v(-6).
33
Let i(q) = q**2 + 17*q + 35. Determine i(-15).
5
Let w(p) = p**2 - 12*p + 5. Give w(14).
33
Let g(d) = 37*d**2 - 6*d - 1. Give g(-1).
42
Let t(b) = b**2 + 11*b - 22. What is t(-6)?
-52
Let w(z) = -8*z**2 - 77*z + 24. What is w(-10)?
-6
Let u(b) = 4*b - 9. Determine u(-7).
-37
Let x(k) = k**3 - k**2 + 7*k + 38. What is x(-3)?
-19
Let v(z) = z**2 - 3*z - 2. Determine v(5).
8
Let a(z) = 37*z**2 - z. What is a(-1)?
38
Let r(c) = -c**2 - 19*c - 80. What is r(-8)?
8
Let z(n) = -2*n**2 + 3*n + 4. Determine z(-3).
-23
Let y(f) = -3*f + 25. Calculate y(11).
-8
Let z(l) = -l**3 - 6*l**2 - 3*l - 13. Give z(-6).
5
Let w(i) = i**3 + 8*i**2 - 16*i + 47. What is w(-10)?
7
Let z(n) = n**2 + 8*n - 4. What is z(-7)?
-11
Let m(r) = r**3 - 4*r**2 - 24. Give m(5).
1
Let h(o) = -16*o + 15. Give h(4).
-49
Let c(f) = f**3 + 2*f + 31. Determine c(0).
31
Let m(p) = -p**2 - 10*p + 7. Determine m(-12).
-17
Let f(d) = 4*d + 25. Give f(-7).
-3
Let k(j) = 52*j + 366. Calculate k(-7).
2
Let g(o) = -o**3 + 4*o**2 + 2*o - 3. Determine g(4).
5
Let b(m) = 11*m + 320. Calculate b(-30).
-10
Let x(o) = -o**2 + 2*o + 9. Give x(-7).
-54
Let b(l) = 2*l**2 - 4*l - 4. Calculate b(-2).
12
Let h(l) = 77*l - 162. What is h(2)?
-8
Let f(t) = 4*t + 33. Give f(-7).
5
Let p(a) = -a**3 - 6*a**2 - 2*a + 2. Calculate p(-2).
-10
Let x(l) = l**3 + l - 1. Determine x(-2).
-11
Let g(d) = -2*d - 69. Determine g(-35).
1
Let p(n) = 4*n**2 + 7*n - 4. What is p(-3)?
11
Let v(f) = f**3 - 35*f**2 - f + 54. Determine v(35).
19
Let r(q) = -3*q + 101. Give r(13).
62
Let g(u) = -u + 40. Give g(-11).
51
Let j(g) = 5*g - 7. Give j(3).
8
Let f(m) = 12*m**2 + 2*m - 7. What is f(-3)?
95
Let q(v) = 8*v - 39. What is q(7)?
17
Let s(f) = 19*f - 125. What is s(7)?
8
Let d(t) = -5*t + 5. Give d(8).
-35
Let c(l) = 2*l**3 - 29*l**2 + 15*l - 12. Give c(14).
2
Let b(w) = w**3 - 10*w**2 + 30*w - 1. What is b(4)?
23
Let h(o) = -o**3 - 13*o**2 + 17*o - 3. Calculate h(-14).
-45
Let m(o) = o**3 + 2*o**2 - 4*o. Calculate m(-5).
-55
Let r(y) = -y**3 + 12*y**2 + y + 12. Calculate r(12).
24
Let k(b) = 26*b - 73. Calculate k(3).
5
Let m(y) = 3*y**2 - 15*y + 6. Calculate m(4).
-6
Let c(z) = z**2 + 20*z + 46. Determine c(-16).
-18
Let y(m) = m**3 + 20*m**2 - 21*m + 6. Give y(-21).
6
Let i(r) = 2*r**3 - 11*r**2 - 8*r + 15. Determine i(6).
3
Let l(d) = d**2 - 2*d - 1. What is l(3)?
2
Let a(r) = r**3 + 14*r**2 + 9*r - 13. Give a(-13).
39
Let m(h) = h**3 + 5*h**2 + 7*h + 5. Give m(-4).
-7
Let g(v) = -2*v + 40. Determine g(13).
14
Let o(g) = g**3 - 16*g**2 - 18*g + 19. Calculate o(17).
2
Let l(t) = -12*t**3 + 2*t + 3. What is l(-2)?
95
Let j(z) = z**2 - 9*z + 21. Calculate j(12).
57
Let x(y) = -11*y - 62. Determine x(-10).
48
Let k(x) = -x**2 - 5*x + 24. What is k(-7)?
10
Let r(a) = -3*a**2 - 4*a + 22. Determine r(7).
-153
Let k(w) = 9*w**3 + 8*w**2 - 9*w - 1. Calculate k(1).
7
Let s(p) = p**3 + 2*p**2 - 4*p + 2. Determine s(-5).
-53
Let r(i) = -15*i**3 + i**2 - 2*i + 1. Give r(1).
-15
Let k(f) = f + 23. What is k(-7)?
16
Let l(b) = -2*b**2 - 7*b + 3. Determine l(-6).
-27
Let x(j) = -33*j + 2. Calculate x(-2).
68
Let c(q) = -2*q**3 + 20*q**2 - 4*q + 44. Give c(10).
4
Let x(z) = z**3 + 5*z**2 - 3*z + 6. What is x(-5)?
21
Let k(n) = n**3 - n**2 - 2*n + 52. Determine k(0).
52
Let y(f) = 16*f - 7. Give y(3).
41
Let a(f) = -f**3 + 6*f**2 - 8*f + 8. Determine a(4).
8
Let m(l) = -l**3 - 9*l**2 + 21*l - 8. Determine m(-11).
3
Let v(r) = -2*r**2 - r + 11. Calculate v(0).
11
Let d(l) = -l**3 - 21*l**2 - 22*l - 78. Give d(-20).
-38
Let a(k) = k**2 + k - 12. What is a(-5)?
8
Let m(d) = -5*d**2 - 5*d - 4. What is m(-3)?
-34
Let p(t) = -t**2 + 8*t + 7. Give p(5).
22
Let s(c) = 27*c - 1. Determine s(-1).
-28
Let t(q) = q + 9. Calculate t(-10).
-1
Let z(i) = i**2 + 23*i - 108. Calculate z(-27).
0
Let u(a) = -a - 8. Give u(-5).
-3
Let z(h) = -h**2 + 8*h - 7. What is z(7)?
0
Let p(b) = -2*b**3 + 37*b**2 + 61*b - 17. Give p(20).
3
Let o(f) = 5*f**3 - f**2 + f. Give o(2).
38
Let t(l) = l**2 + 21*l - 124. Determine t(5).
6
Let o(i) = 20*i + 7. Calculate o(-6).
-113
Let d(o) = -o**2 - 12*o - 28. Give d(-9).
-1
Let s(x) = 8*x**3 + x**2 - 1. Determine s(-1).
-8
Let n(i) = -19*i - 2. Determine n(1).
-21
Let l(d) = -14*d - 69. Determine l(-5).
1
Let a(k) = -22*k - 17. Calculate a(-2).
27
Let l(m) = m**3 - 8*m**2 - 2. Give l(8).
-2
Let k(p) = 3*p**2 + 16*p - 7. What is k(-6)?
5
Let h(y) = y**3 - 2*y**2 + 2*y + 1. What is h(4)?
41
Let o(d) = 2*d**2 - d - 2. Determine o(0).
-2
Let s(x) = -x + 6. Determine s(0).
6
Let m(f) = 8*f - 50. Determine m(6).
-2
Let q(h) = 20*h**2. Calculate q(1).
20
Let i(w) = -w**3 + 8*w**2 - w - 10. What is i(7)?
32
Let q(a) = a**3 + 3*a**2 - 5*a + 2. What is q(-4)?
6
Let q(a) = 2*a**2 + a - 37. What is q(5)?
18
Let h(s) = s**3 + s**2 + 2*s. Calculate h(-2).
-8
Let p(t) = t**3 - 11*t**2 + 6*t + 4. What is p(9)?
-104
Let a(g) = -13*g + 16. Determine a(2).
-10
Let w(t) = -2*t**2 - 3*t + 9. Give w(-5).
-26
Let y(o) = -13*o + 173. What is y(15)?
-22
Let j(c) = 3*c - 56. Give j(19).
1
Let x(i) = 22*i + 7. Determine x(-3).
-59
Let r(y) = -2*y**2 - 25*y - 7. Calculate r(-9).
56
Let n(p) = -59*p - 282. What is n(-5)?
13
Let l(w) = w + 15. What is l(-14)?
1
Let b(r) = 3*r - 7. What is b(6)?
11
Let o(v) = -2*v**2 + 8*v - 13. Determine o(6).
-37
Let c(z) = -3*z - 23. Calculate c(-4).
-11
Let k(a) = 9*a + 145. Give k(-16).
1
Let j(r) = -3*r**2 + 13*r - 1. Calculate j(5).
-11
Let m(c) = 5*c - 59. Determine m(10).
-9
Let y(i) = -3*i**2 - 2*i + 2. Determine y(2).
-14
Let u(z) = z**2 + 10*z + 13. Give u(-11).
24
Let t(j) = -j**2 + 27*j - 174. What is t(15)?
6
Let k(m) = m**3 + 7*m**2 + 2*m - 44. Calculate k(-5).
-4
Let q(u) = u**3 - 11*u**2 + 9*u + 4. Determine q(10).
-6
Let p(a) = 2*a**2 + 8*a - 5. What is p(-6)?
19
Let u(h) = 12*h - 2. Determine u(2).
22
Let m(q) = 6*q - 61. Give m(9).
-7
Let j(h) = -20*h - 64. Calculate j(-8).
96
Let a(y) = 3*y + 7. Give a(-12).
-29
Let w(s) = s**2 - 7*s. Give w(9).
18
Let l(z) = -z**3 + 7*z**2 - 5*z - 8. Give l(6).
-2
Let q(j) = -j**3 - 7*j**2 - 4*j + 8. Give q(-6).
-4
Let o(w) = -w**2 + 35*w - 67. Determine o(33).
-1
Let g(j) = 2*j - 2. Determine g(-6).
-14
Let p(m) = m**3 - 2*m**2 